s 258420910 a multiple of 374?
True
Is 141 a factor of 170097239?
False
Is 2892 a factor of 59055703?
False
Is 38 a factor of 39397161?
False
Does 1122 divide 210596034?
True
Is 18342121 a multiple of 469?
True
Is 467133623 a multiple of 451?
True
Does 247 divide 538031120?
False
Is 83132471 a multiple of 550?
False
Is 14 a factor of 73869482?
False
Does 547 divide 611890700?
False
Is 59 a factor of 521749862?
True
Is 6 a factor of 1025820?
True
Is 213597127 a multiple of 332?
False
Does 72 divide 38738304?
True
Does 545 divide 19096800?
True
Does 1900 divide 1139388200?
True
Is 24757033 a multiple of 1567?
True
Is 48068830 a multiple of 5?
True
Is 36 a factor of 19409364?
True
Is 88 a factor of 582447712?
True
Is 290 a factor of 1208806130?
True
Is 339 a factor of 293671293?
True
Is 1374852598 a multiple of 178?
True
Does 25 divide 9264975?
True
Is 11850946 a multiple of 390?
False
Is 3677825068 a multiple of 288?
False
Is 319607645 a multiple of 1705?
False
Does 11 divide 578520813?
False
Is 1329592 a multiple of 2552?
True
Does 15 divide 88815936?
False
Is 364 a factor of 72893640?
False
Is 1177 a factor of 241402099?
False
Does 1987 divide 28238075?
False
Does 8 divide 160036040?
True
Is 679238454 a multiple of 282?
True
Does 33 divide 325118640?
True
Does 221 divide 1678847716?
True
Is 8252 a factor of 2739942494?
False
Does 249 divide 189453642?
True
Does 10 divide 5711967?
False
Is 395402806 a multiple of 1967?
False
Does 256 divide 530479310?
False
Does 48 divide 2142384?
True
Is 3178968778 a multiple of 8?
False
Does 49 divide 2129452414?
False
Is 5266 a factor of 684976519?
False
Does 92 divide 14753766?
False
Is 11 a factor of 91838076?
True
Is 117 a factor of 331534991?
False
Is 396963165 a multiple of 145?
True
Does 302 divide 259147106?
True
Is 794 a factor of 29817876?
True
Is 1527273 a multiple of 2?
False
Is 1040688 a multiple of 14?
False
Is 523908 a multiple of 29?
False
Is 10623 a factor of 1118810343?
False
Is 22826420 a multiple of 9?
False
Is 410425884 a multiple of 9?
True
Is 55822142 a multiple of 59?
True
Is 88209164 a multiple of 1086?
False
Is 659 a factor of 2447914810?
True
Is 925 a factor of 146040249?
False
Does 54 divide 640864062?
True
Is 707840016 a multiple of 1326?
True
Does 8 divide 12600011?
False
Does 1231 divide 2247988784?
False
Is 2547 a factor of 95913778?
False
Is 21 a factor of 1968687252?
True
Is 18 a factor of 10111962?
False
Is 356 a factor of 356945105?
False
Is 4 a factor of 3961092?
True
Is 38 a factor of 10382170?
True
Is 144 a factor of 10837878?
False
Is 18 a factor of 4570620124?
False
Is 13171702 a multiple of 368?
False
Does 2728 divide 1409128?
False
Does 26 divide 154914942?
True
Is 216076683 a multiple of 19?
True
Is 11736406 a multiple of 11?
True
Is 39 a factor of 18734118?
True
Is 119 a factor of 398176499?
True
Does 112 divide 1453747598?
False
Is 757390986 a multiple of 22?
True
Is 116143746 a multiple of 613?
False
Is 36061011 a multiple of 97?
True
Is 718256 a multiple of 847?
True
Is 30547175 a multiple of 8?
False
Is 184498874 a multiple of 54?
False
Is 1501787369 a multiple of 127?
False
Does 2 divide 624832?
True
Is 112 a factor of 1886752?
True
Does 4 divide 72560088?
True
Is 3917411345 a multiple of 561?
False
Is 34 a factor of 135775600?
True
Is 46 a factor of 45417014?
False
Does 850 divide 7551400?
True
Is 607 a factor of 1223057047?
True
Is 53389545 a multiple of 1451?
True
Is 6197724 a multiple of 306?
True
Is 146 a factor of 17189456?
True
Is 582 a factor of 682892028?
True
Is 265098450 a multiple of 48?
False
Does 448 divide 453810165?
False
Is 2631033488 a multiple of 248?
True
Does 988 divide 414960?
True
Is 31824856 a multiple of 1148?
True
Does 23 divide 150407810?
True
Is 955 a factor of 554153075?
True
Does 37 divide 17792375?
True
Is 43 a factor of 76897362?
False
Is 828 a factor of 1865272689?
False
Is 785312412 a multiple of 7192?
False
Does 1589 divide 28708463?
True
Does 6 divide 147691074?
True
Does 121 divide 73471926?
True
Does 243 divide 9618426?
True
Is 15 a factor of 63479613?
False
Is 33 a factor of 88015531?
False
Does 633 divide 697193352?
False
Is 21502908 a multiple of 57?
True
Does 8 divide 62429056?
True
Is 43 a factor of 26461254?
True
Is 383512969 a multiple of 1590?
False
Is 22 a factor of 129568868?
True
Is 56873307 a multiple of 2007?
False
Does 2 divide 15049547?
False
Is 61465777 a multiple of 77?
False
Is 73057374 a multiple of 13?
True
Is 62 a factor of 444168744?
True
Is 12 a factor of 13252224?
True
Is 8 a factor of 607100933?
False
Does 25 divide 55196198?
False
Is 7 a factor of 192214298?
False
Does 295 divide 37169410?
True
Is 607841236 a multiple of 209?
False
Is 190 a factor of 937202360?
True
Is 133181880 a multiple of 236?
True
Is 523355166 a multiple of 3776?
False
Is 2651568588 a multiple of 17?
False
Is 11 a factor of 2141401207?
True
Is 48674681 a multiple of 341?
True
Is 30 a factor of 1188424492?
False
Does 1551 divide 1643146461?
True
Does 416 divide 267923136?
True
Is 74449505 a multiple of 299?
True
Is 2253 a factor of 2718372475?
False
Does 242 divide 125181867?
False
Is 538900506 a multiple of 35?
False
Does 5 divide 25352405?
True
Is 1779 a factor of 4880623867?
False
Is 11262851 a multiple of 199?
False
Is 13170537 a multiple of 65?
False
Is 16 a factor of 197359788?
False
Is 355844814 a multiple of 73?
False
Is 628838014 a multiple of 2479?
True
Is 19 a factor of 58637819?
True
Does 10 divide 62020290?
True
Is 22382524 a multiple of 135?
False
Is 166644174 a multiple of 12?
False
Does 3 divide 253470?
True
Is 89 a factor of 23582953?
True
Does 776 divide 907511824?
True
Is 77 a factor of 305521447?
True
Does 413 divide 642580681?
False
Is 170 a factor of 97288450?
True
Is 242807285 a multiple of 13?
False
Is 38 a factor of 7046796?
True
Does 70 divide 13141030?
True
Is 77 a factor of 246704997?
True
Is 5 a factor of 24721996?
False
Is 224621172 a multiple of 18?
True
Is 310 a factor of 28872780?
True
Is 39620208 a multiple of 3038?
False
Is 32 a factor of 27326509?
False
Is 29 a factor of 25611872?
True
Does 95 divide 208859305?
True
Is 33 a factor of 333673989?
True
Is 24659111 a multiple of 647?
True
Is 148 a factor of 15265756?
True
Is 2877372 a multiple of 308?
False
Does 5889 divide 1594682310?
True
Is 3411 a factor of 2226700800?
True
Is 4 a factor of 7853456?
True
Is 709 a factor of 16153147?
True
Is 1487 a factor of 64712968?
False
Is 23 a factor of 1081649275?
False
Is 13 a factor of 1792429?
False
Is 43 a factor of 111465073?
True
Does 218 divide 1114689372?
True
Is 16567418 a multiple of 1057?
True
Is 115 a factor of 8660350?
False
Is 5556 a factor of 446635583?
False
Is 948 a factor of 330922576?
False
Is 892502401 a multiple of 4613?
False
Is 774764310 a multiple of 6?
True
Is 247697096 a multiple of 32?
False
Is 432 a factor of 315888988?
False
Does 72 divide 131422536?
True
Is 57 a factor of 2763202553?
False
Is 368752464 a multiple of 18?
True
Is 14675956 a multiple of 18?
False
Is 32109659 a multiple of 1372?
False
Is 960 a factor of 875976960?
True
Is 437061670 a multiple of 17?
True
Does 167 divide 1324163875?
True
Is 515492976 a multiple of 1148?
False
Does 192 divide 47149824?
True
Is 21859534 a multiple of 182?
False
Is 477582304 a multiple of 23?
True
Is 1467737788 a multiple of 27?
False
Is 1515680864 a multiple of 46?
True
Is 4988148 a multiple of 12?
True
Is 19172641 a multiple of 24?
False
Does 23 divide 429832027?
True
Is 30 a factor of 32865060?
True
Is 401 a factor of 2158862583?
False
Is 53026988 a multiple of 217?
True
Is 40 a factor of 17725680?
True
Is 25344733 a multiple of 1305?
False
Is 3719 a factor of 1130992528?
True
Does 313 divide 203089278?
False
Is 9 a factor of 19518009?
False
Does 3 divide 62015259?
True
Is 90143076 a multiple of 508?
True
Is 18 a factor of 959368067?
False
Does 7440 divide 1295251920?
True
Does 35 divide 85107506?
False
Does 33 divide 51568169?
False
Is 485051899 a multiple of 126?
False
Is 236373376 a multiple of 26?
False
Is 80 a factor of 95319678?
False
Is 348306748 a multiple of 7?
False
Is 153611701 a multiple of 1218?
False
Does 260 divide 63205220?
True
Does 1510 divide 206847350?
True
Is 189639749 a multiple of 376?
False
Is 7409257